n - 5*n. What are the prime factors of u?
3, 89
Let q(j) = 19438*j**2 + 474*j + 940. List the prime factors of q(-2).
2, 43, 113
Suppose 4*p + 126*r - 14371 = 127*r, 2*p - 7191 = -5*r. What are the prime factors of p?
3593
Let o(m) = -3*m**3 + 10*m**2 + 4*m - 16. Let d(l) = l**3 - l**2 - 1. Suppose -6*g + 5*g + 2 = 0. Let z(b) = g*d(b) + o(b). List the prime factors of z(8).
2, 7
Let g(i) = -157*i - 195. Suppose -846*x = -839*x + 28. What are the prime factors of g(x)?
433
Let h(f) = -15*f**2 + 14*f - 15. Let a(u) = -7*u**2 + 7*u - 8. Let z(g) = -5*a(g) + 2*h(g). Let o be 18/135*-5*-6. List the prime factors of z(o).
2, 31
Let u(f) = -f**2 + 56*f - 149. Suppose 3*o + 83 = 4*s, -s + o + 7 = -13. List the prime factors of u(s).
2, 5, 61
Suppose o = -2*w + 48052, 34*w + 120139 = 39*w + 4*o. What are the prime factors of w?
24023
Suppose -38 + 22 = 4*j, 5*n - 4*j = 281. Suppose -v - 2*v = -345. Suppose -f = 4*r - 658, 2*f - n - v = -r. List the prime factors of r.
2, 41
Suppose -14*c = -21*c + 119. Suppose -18*v = -c*v. Suppose v = -5*y - 2*r + 935, 3*r = -2*r. What are the prime factors of y?
11, 17
Suppose 0 = -2*a - 1 + 7. Suppose -a*m + 20 = -7. Suppose 0 = 3*f - 5*k - 8 - 50, f = -4*k - m. What are the prime factors of f?
11
Suppose 3 = -3*w, 0 = l + 2*w - 6*w - 4274. Let n = l - 2459. List the prime factors of n.
1811
Let q be (-18)/(-1)*4/(18 + -6). Let h(i) = -19*i + 31 + q*i - 6*i**2 - 6*i + 5*i**2. List the prime factors of h(-14).
101
Suppose 3*x = h + 2, 3*h = 5*x - 2*h. Suppose -5*u - j = -585, 0 = 204*u - 205*u + 3*j + 101. List the prime factors of 4/(-1) + x + u.
113
Suppose -28 = -37*c + 23*c. Suppose 1016 + 1608 = c*v. List the prime factors of v.
2, 41
Let w be (-25)/(-3) + 1 + 28/(-12). Suppose -9*s = -w*s - 170. List the prime factors of s.
5, 17
Suppose 2*i - 279*h + 276*h - 155949 = 0, 5*h = -5*i + 389835. List the prime factors of i.
2, 3, 5, 23, 113
Suppose -o + 2*o + 170 = 5*g, 4*g = -5*o + 107. Suppose 21 = -3*n + 2*y, 5*n - 4*y = -g - 4. What are the prime factors of 3 + n/(5/(-154))?
157
Let f(z) be the second derivative of 83*z**4/12 + 7*z**3/3 - 25*z**2/2 + 3*z - 11. What are the prime factors of f(2)?
5, 67
Let z be 0 + 3 + -3 - (1 - 6). Suppose 3*j - 854 = z*u, j - 1402 = -4*j + 3*u. List the prime factors of j.
2, 139
Let h(n) be the third derivative of 2*n**4 + 15*n**3/2 - n**2 - 38*n. What are the prime factors of h(21)?
3, 13
Let j be (5 - (-20)/(-6))*3. Let r be 4/(-5) - (-4)/j. Suppose r = 3*u + 86 - 569. List the prime factors of u.
7, 23
Let v(q) = 6*q + 19. Let w(b) = -b - 6. Let i be w(3). Let c be v(i). Let m = 33 - c. List the prime factors of m.
2, 17
Let t(b) be the second derivative of b**5/10 - b**4/12 + b**3/3 - b**2/2 - 18*b. Let r be t(1). Suppose -392 = -r*l - 6*l. What are the prime factors of l?
7
Suppose -88*o = -777483 + 128747. List the prime factors of o.
2, 19, 97
Suppose 96*j + 108 = 100*j. Let m(v) = -v**3 + 28*v**2 - 12*v - 41. List the prime factors of m(j).
2, 7, 13
Suppose i - 24*v = -8*v + 5127, -5178 = -i - v. List the prime factors of i.
3, 5, 23
Let x(s) = s**3 - 6*s**2 - s + 11. Let l be x(6). Suppose l*j + 484 = 5094. What are the prime factors of j?
2, 461
Let g = -11645 - -23130. What are the prime factors of g?
5, 2297
Suppose -2*n + 29 = 5*x + 10, -2*n + 27 = -3*x. List the prime factors of 4 - (28 + -8)*(-597)/n.
3, 37
Let l(b) = 24*b - 5. Let y be -8 + -10*(-42)/35. What are the prime factors of l(y)?
7, 13
Let f = -18 + 6. Let p be (-60)/3*177/f. Suppose -p = -5*q - 3*h - 0*h, -3*q + 201 = -3*h. List the prime factors of q.
2, 31
Let i be (-40)/3*12/(-8). Let f(z) = -z**2 + 21*z - 26. Let h be f(i). What are the prime factors of 131 + 2 + 8 + h?
3, 5
Let o = -507 + 511. Let j(p) = 3*p**2 + 1 - 3 + 2*p + 2*p**3 + 0. List the prime factors of j(o).
2, 7, 13
Suppose -3*m - 52314 = -4*p, -14809 + 49678 = -2*m + 5*p. What are the prime factors of m/(-19) - (3/(-3) - -4)?
3, 5, 61
Let w(s) = s - 3. Let t be w(6). Suppose -2*y + 0*h = t*h - 186, 0 = -4*h - 16. Suppose 24*x - 25*x + y = 0. List the prime factors of x.
3, 11
Let k be 1/((-3)/3) + 12. Let o(i) = i**2 - 10*i - 21. Let z be o(k). What are the prime factors of (-6)/(-15) - 316/z?
2
Let u = 807 + 4144. What are the prime factors of u?
4951
Suppose 0*z - 3*z - 2*n = 7, 5 = 5*n. Let t = 13 - z. What are the prime factors of (24/t)/(9/492)?
2, 41
Let f = 31373 - 17041. List the prime factors of f.
2, 3583
Suppose 317516 - 246370 = -66*v + 1708012. What are the prime factors of v?
3, 7, 1181
List the prime factors of (4316/7 + -9)*-9*-7.
3, 4253
Suppose 3*t - 2*t - 5 = 0. Suppose -k + 4*d = k - 412, 234 = k + t*d. Suppose -3*w - 4*u = -k, -u - 326 = -w - 4*w. What are the prime factors of w?
2, 3, 11
Let k(b) be the third derivative of 361*b**4/24 + 23*b**3/6 - 159*b**2. List the prime factors of k(1).
2, 3
Suppose -256 = -l + t, -2*t = 4*l + 53 - 1071. What are the prime factors of l?
3, 5, 17
Let d be 9 - (-2 + -14)/4. What are the prime factors of (-6)/(-4)*5174/d?
3, 199
Let i(x) = x**2 - 10*x - 23. Let h be i(12). What are the prime factors of 8 - (3/h + 6 + -5)?
2
Suppose 5*s - 12 = 4*s. Suppose -s*n + 9*n = -6. Suppose -4*v = 4*m - 224, m - n*v - 55 = 7. What are the prime factors of m?
2, 29
Suppose -v = 6 - 17. Let y = -8 + v. What are the prime factors of 8/(y/(84/8))?
2, 7
Suppose 2*t - t = -2*u + 1, -4*u = 4*t. Let a(n) = 5*n**2 + 3*n + 3. Let m be a(t). Suppose -5*r = 3*w - 525 - 95, m*w = 0. List the prime factors of r.
2, 31
Let i(j) = j**3 + 16*j**2 - 47*j - 37. Suppose 5*g - 2*g = -45. List the prime factors of i(g).
19, 47
Suppose -4*p = -3*p - 181. Let x = p - -61. What are the prime factors of x?
2, 11
Suppose -x = -2*f - 3126, -1963 = -x - 3*f + 1148. What are the prime factors of x?
2, 3, 5, 13
Suppose 2*z + 5*y = 44 + 1389, -4*y - 3533 = -5*z. What are the prime factors of z?
709
Suppose 5*w + o - 122129 - 37611 = 0, -95872 = -3*w + 5*o. List the prime factors of w.
43, 743
Let b = -3286 - -10495. List the prime factors of b.
3, 89
Let v be 7*(7 - -1489)/8. Suppose -v = 6*u - 8425. List the prime factors of u.
2, 593
Let c(h) = -33 + 3 + 11 - 94*h - 37. What are the prime factors of c(-3)?
2, 113
Let h(o) = o**3 + 30*o**2 - 27*o - 3. Let f be h(-31). Let q = f - -145. What are the prime factors of q?
2, 3
What are the prime factors of (-125742)/(-21) - ((-225)/(-21) - 11)?
2, 3, 499
Let u(v) = 753*v**2 - 15*v + 15. Let h be u(1). Suppose 4*b + 2*q = 1064, 5*q - h = -3*b + 31. List the prime factors of b.
2, 67
Suppose -9*a - 70 = -2*a. Let c(p) = 3*p**2 - p + 38. What are the prime factors of c(a)?
2, 3, 29
Let h = -64 + 83. What are the prime factors of (5 + h)/6 + 153?
157
Let v = -196 - -198. List the prime factors of (25 + v + -5)*(-3)/(-6).
11
Let r be (14/(-21))/((-2)/21). Suppose r*x - 1789 - 122 = 0. List the prime factors of x.
3, 7, 13
List the prime factors of (480/(-32))/(8520/8526 + (-1 - 0)).
3, 5, 7, 29
Suppose 4*u = -3*a + 68441, -20*a - 3*u + 114072 = -15*a. What are the prime factors of a?
3, 5, 13
Let i(z) = -5*z**3 - 10*z + 5*z - 8*z**2 + 7 - 8*z + 3*z**3. List the prime factors of i(-7).
2, 7
Let k be (60/(-8) - -6)/(2/(-4)). Suppose -2*n + 10 = -u, n = u + k*u + 26. Let d = u - -81. What are the prime factors of d?
3, 5
Let c be (-2)/(-1) + -3*(-6)/(-9). Suppose c = 5*u - 5*z - 4526 - 534, -4*z + 5051 = 5*u. What are the prime factors of u?
3, 337
Let t be (-5)/(-4) - (-2)/(-8). Suppose 841 = 23*k - 194. Let o = t + k. What are the prime factors of o?
2, 23
Let b(x) = x**2 - 9*x + 3 - 5 + 8*x. Let h be b(3). Suppose 136 = -3*m + h*m. List the prime factors of m.
2, 17
Let g(h) = 3*h**2 + 3*h - 1. Suppose -16 = -6*z + 86. Suppose -p - 3*x = z, 0 = -5*p - 2*x - 10 - 23. List the prime factors of g(p).
59
Let o = 20 + -21. Let g be (-470)/(-40) + o/(-4). Suppose g*y - 2041 = -y. List the prime factors of y.
157
Suppose -22 = 3*j + 4*g, 2*j + g = -0*g - 8. Let m(z) = -1. Let k(l) = -75*l + 7. Let q(t) = j*m(t) + k(t). List the prime factors of q(-3).
2, 3, 13
Let w = 7721 + -7711. Let p be (-1)/1 - (-1)/1. Suppose p = w*o - 4*o - 768. What are the prime factors of o?
2
Let n be -14*2*(-7 + (-125)/(-20)). Suppose 4*d = -8, -p - n = d - 108. What are the prime factors of p?
89
